{"id":8325,"date":"2026-05-06T17:33:44","date_gmt":"2026-05-06T21:33:44","guid":{"rendered":"https:\/\/insertapr.com\/?post_type=product&#038;p=8325"},"modified":"2026-05-06T17:33:45","modified_gmt":"2026-05-06T21:33:45","slug":"el-germen-de-lo-fatal-una-novela-caribepunk","status":"publish","type":"product","link":"https:\/\/insertapr.com\/?product=el-germen-de-lo-fatal-una-novela-caribepunk","title":{"rendered":"El germen de lo fatal: una novela caribepunk"},"content":{"rendered":"","protected":false},"excerpt":{"rendered":"<p>Inscrita en un caribe post at\u00f3mico, El germen de lo fatal esconde una investigaci\u00f3n literaria oculta dentro de una misi\u00f3n pol\u00edtica (o al rev\u00e9s). Armado como una matrioska tropical, este libro hace un juego a tres bandas entre M\u00e9xico, Estados Unidos y Rep\u00fablica Dominicana, se desgaja a s\u00ed mismo y, al mismo tiempo, se esconde: por ser tambi\u00e9n un rompecabezas, las piezas de esta trama ocultan su forma total. Aqu\u00ed, And\u00fajar inventa una novela que es un microscopio para observar a otro microscopio, y ah\u00ed, entre obsesiones personales, el cyberpunk y entresijos hist\u00f3ricos, camina en medio de un enjambre de posibilidades.<\/p>\n","protected":false},"featured_media":8326,"comment_status":"open","ping_status":"closed","template":"","meta":{"_monsterinsights_skip_tracking":false,"_monsterinsights_sitenote_active":false,"_monsterinsights_sitenote_note":"","_monsterinsights_sitenote_category":0,"_uf_show_specific_survey":0,"_uf_disable_surveys":false},"product_cat":[58,30],"product_tag":[],"_links":{"self":[{"href":"https:\/\/insertapr.com\/index.php?rest_route=\/wp\/v2\/product\/8325"}],"collection":[{"href":"https:\/\/insertapr.com\/index.php?rest_route=\/wp\/v2\/product"}],"about":[{"href":"https:\/\/insertapr.com\/index.php?rest_route=\/wp\/v2\/types\/product"}],"replies":[{"embeddable":true,"href":"https:\/\/insertapr.com\/index.php?rest_route=%2Fwp%2Fv2%2Fcomments&post=8325"}],"wp:featuredmedia":[{"embeddable":true,"href":"https:\/\/insertapr.com\/index.php?rest_route=\/wp\/v2\/media\/8326"}],"wp:attachment":[{"href":"https:\/\/insertapr.com\/index.php?rest_route=%2Fwp%2Fv2%2Fmedia&parent=8325"}],"wp:term":[{"taxonomy":"product_cat","embeddable":true,"href":"https:\/\/insertapr.com\/index.php?rest_route=%2Fwp%2Fv2%2Fproduct_cat&post=8325"},{"taxonomy":"product_tag","embeddable":true,"href":"https:\/\/insertapr.com\/index.php?rest_route=%2Fwp%2Fv2%2Fproduct_tag&post=8325"}],"curies":[{"name":"wp","href":"https:\/\/api.w.org\/{rel}","templated":true}]}}