{"id":8312,"date":"2026-05-06T16:50:04","date_gmt":"2026-05-06T20:50:04","guid":{"rendered":"https:\/\/insertapr.com\/?post_type=product&#038;p=8312"},"modified":"2026-05-06T16:50:06","modified_gmt":"2026-05-06T20:50:06","slug":"todo-lo-que-necesito-existe-ya-en-mi","status":"publish","type":"product","link":"https:\/\/insertapr.com\/?product=todo-lo-que-necesito-existe-ya-en-mi","title":{"rendered":"TODO LO QUE NECESITO EXISTE YA EN MI"},"content":{"rendered":"","protected":false},"excerpt":{"rendered":"<p data-start=\"64\" data-end=\"780\">Con una sensibilidad exquisita, <span class=\"hover:entity-accent entity-underline inline cursor-pointer align-baseline\"><span class=\"whitespace-normal\">Rupi Kaur<\/span><\/span> aborda en <em data-start=\"144\" data-end=\"182\">Todo lo que necesito existe ya en m\u00ed<\/em> algunos de los temas por los que se dio a conocer con sus anteriores obras, como el feminismo, el trauma, la p\u00e9rdida o el amor, pero en esta ocasi\u00f3n da un paso m\u00e1s all\u00e1 y revela, en un ejercicio \u00fanico de generosidad y honestidad, experiencias muy personales como el modo en que ha lidiado en los \u00faltimos a\u00f1os con la depresi\u00f3n, el \u00e9xito o la presi\u00f3n a la que se ha visto sometida. Capaz de traducir en palabras sensaciones y sentimientos complejos, exhibe adem\u00e1s una notable sabidur\u00eda para desgranar males de nuestro tiempo como la autoexigencia, las enfermedades mentales o las relaciones t\u00f3xicas.<\/p>\n","protected":false},"featured_media":8313,"comment_status":"open","ping_status":"closed","template":"","meta":{"_monsterinsights_skip_tracking":false,"_monsterinsights_sitenote_active":false,"_monsterinsights_sitenote_note":"","_monsterinsights_sitenote_category":0,"_uf_show_specific_survey":0,"_uf_disable_surveys":false},"product_cat":[30,135],"product_tag":[],"_links":{"self":[{"href":"https:\/\/insertapr.com\/index.php?rest_route=\/wp\/v2\/product\/8312"}],"collection":[{"href":"https:\/\/insertapr.com\/index.php?rest_route=\/wp\/v2\/product"}],"about":[{"href":"https:\/\/insertapr.com\/index.php?rest_route=\/wp\/v2\/types\/product"}],"replies":[{"embeddable":true,"href":"https:\/\/insertapr.com\/index.php?rest_route=%2Fwp%2Fv2%2Fcomments&post=8312"}],"wp:featuredmedia":[{"embeddable":true,"href":"https:\/\/insertapr.com\/index.php?rest_route=\/wp\/v2\/media\/8313"}],"wp:attachment":[{"href":"https:\/\/insertapr.com\/index.php?rest_route=%2Fwp%2Fv2%2Fmedia&parent=8312"}],"wp:term":[{"taxonomy":"product_cat","embeddable":true,"href":"https:\/\/insertapr.com\/index.php?rest_route=%2Fwp%2Fv2%2Fproduct_cat&post=8312"},{"taxonomy":"product_tag","embeddable":true,"href":"https:\/\/insertapr.com\/index.php?rest_route=%2Fwp%2Fv2%2Fproduct_tag&post=8312"}],"curies":[{"name":"wp","href":"https:\/\/api.w.org\/{rel}","templated":true}]}}