{"id":8290,"date":"2026-05-06T15:59:24","date_gmt":"2026-05-06T19:59:24","guid":{"rendered":"https:\/\/insertapr.com\/?post_type=product&#038;p=8290"},"modified":"2026-05-06T15:59:26","modified_gmt":"2026-05-06T19:59:26","slug":"liberty-haven-1-los-diez-mandamientos-de-casey-adams","status":"publish","type":"product","link":"https:\/\/insertapr.com\/?product=liberty-haven-1-los-diez-mandamientos-de-casey-adams","title":{"rendered":"LIBERTY HAVEN 1 LOS DIEZ MANDAMIENTOS DE CASEY ADAMS"},"content":{"rendered":"","protected":false},"excerpt":{"rendered":"<p data-start=\"64\" data-end=\"217\">Vuelve <span class=\"hover:entity-accent entity-underline inline cursor-pointer align-baseline\"><span class=\"whitespace-normal\">Alina Not<\/span><\/span> con un romance juvenil ambientado en un elitista internado brit\u00e1nico tan prestigioso como lleno de secretos.<\/p>\n<p data-start=\"219\" data-end=\"583\">Casey Adams tiene una lista de principios que deben regir su vida, una que le dej\u00f3 su mejor amiga antes de que no volviera a verla m\u00e1s. Y, cuando su madre la destierra en Liberty Haven, el internado elitista para ni\u00f1os pijos que para ella es m\u00e1s una c\u00e1rcel, esos principios se vuelven m\u00e1s importantes que respirar. Algo a lo que necesita aferrarse para sobrevivir.<\/p>\n<p data-start=\"585\" data-end=\"879\">Por eso, cuando conoce a Gray, el chico de la beca de nataci\u00f3n que est\u00e1 pat\u00e9ticamente enamorado de la abeja reina y tambi\u00e9n su nueva compa\u00f1era de cuarto, Casey no tiene m\u00e1s remedio que cumplir con el quinto mandamiento: \u00abJam\u00e1s dejes de ayudar a un coraz\u00f3n roto, porque t\u00fa sabes c\u00f3mo se siente\u00bb.<\/p>\n","protected":false},"featured_media":8291,"comment_status":"open","ping_status":"closed","template":"","meta":{"_monsterinsights_skip_tracking":false,"_monsterinsights_sitenote_active":false,"_monsterinsights_sitenote_note":"","_monsterinsights_sitenote_category":0,"_uf_show_specific_survey":0,"_uf_disable_surveys":false},"product_cat":[30,25],"product_tag":[],"_links":{"self":[{"href":"https:\/\/insertapr.com\/index.php?rest_route=\/wp\/v2\/product\/8290"}],"collection":[{"href":"https:\/\/insertapr.com\/index.php?rest_route=\/wp\/v2\/product"}],"about":[{"href":"https:\/\/insertapr.com\/index.php?rest_route=\/wp\/v2\/types\/product"}],"replies":[{"embeddable":true,"href":"https:\/\/insertapr.com\/index.php?rest_route=%2Fwp%2Fv2%2Fcomments&post=8290"}],"wp:featuredmedia":[{"embeddable":true,"href":"https:\/\/insertapr.com\/index.php?rest_route=\/wp\/v2\/media\/8291"}],"wp:attachment":[{"href":"https:\/\/insertapr.com\/index.php?rest_route=%2Fwp%2Fv2%2Fmedia&parent=8290"}],"wp:term":[{"taxonomy":"product_cat","embeddable":true,"href":"https:\/\/insertapr.com\/index.php?rest_route=%2Fwp%2Fv2%2Fproduct_cat&post=8290"},{"taxonomy":"product_tag","embeddable":true,"href":"https:\/\/insertapr.com\/index.php?rest_route=%2Fwp%2Fv2%2Fproduct_tag&post=8290"}],"curies":[{"name":"wp","href":"https:\/\/api.w.org\/{rel}","templated":true}]}}