{"id":7420,"date":"2025-10-07T16:54:54","date_gmt":"2025-10-07T20:54:54","guid":{"rendered":"https:\/\/insertapr.com\/?post_type=product&#038;p=7420"},"modified":"2025-11-22T14:10:45","modified_gmt":"2025-11-22T18:10:45","slug":"limpia","status":"publish","type":"product","link":"https:\/\/insertapr.com\/?product=limpia","title":{"rendered":"LIMPIA"},"content":{"rendered":"<div class=\"filaDetalle\">\n<div class=\"cabeceraDetalle\">EDITORIAL:LUMEN\u00a0<b>\u00a0<\/b><\/div>\n<\/div>\n<div class=\"filaDetalle\">\n<div class=\"cabeceraDetalle\">ISBN:9788426424112<\/div>\n<\/div>\n<div class=\"filaDetalle\">\n<div class=\"cabeceraDetalle\">COLECCI\u00d3N:NARRATIVA<\/div>\n<\/div>\n<div class=\"filaDetalle\">\n<div class=\"cabeceraDetalle\">IDIOMA:CASTELLANO<\/div>\n<\/div>\n<div class=\"filaDetalle\">\n<div class=\"cabeceraDetalle\">Fecha de edici\u00f3n:26-01-2023<\/div>\n<\/div>\n<div class=\"filaDetalle\">\n<div class=\"cabeceraDetalle\">Materia:<a title=\"Pulse en esta materia y ver\u00e1 todos los art\u00edculos de la misma\">FICCION MODERNA Y CONTEMPORANEA<\/a><br \/>\n<a title=\"Pulse en esta materia y ver\u00e1 todos los art\u00edculos de la misma\">OBRA DE MISTERIO Y SUSPENSE<\/a><\/div>\n<\/div>\n","protected":false},"excerpt":{"rendered":"<p><a>TRABUCCO ZERAN,\u00a0ALIA<\/a><\/p>\n<h3 data-start=\"518\" data-end=\"594\">UNO DE LOS LIBROS M\u00c1S ESPERADOS DEL A\u00d1O, EN TRADUCCI\u00d3N EN TRECE PA\u00cdSES<\/h3>\n<p data-start=\"596\" data-end=\"764\">Por la ganadora de los premios Anna Seghers, British Academy y Mejor Novela In\u00e9dita del Ministerio de las Culturas de Chile, y finalista del Man Booker International.<\/p>\n<p data-start=\"766\" data-end=\"896\">\u00abCon la fuerza de una voz ind\u00f3mita, Alia Trabucco Zer\u00e1n construye una novela lucid\u00edsima, despiadada y brutal\u00bb.<br data-start=\"876\" data-end=\"879\" \/>\u2014Federico Falco<\/p>\n<blockquote data-start=\"898\" data-end=\"1034\">\n<p data-start=\"900\" data-end=\"1034\">La vida tiende a ser as\u00ed: una gota, una gota, una gota, una gota, y luego nos preguntamos, perplejos, c\u00f3mo es que estamos empapados.<\/p>\n<\/blockquote>\n<p data-start=\"1036\" data-end=\"1278\">Estela deja a su madre en el sur para trabajar en la casa de una familia en Santiago de Chile y all\u00ed se queda los siguientes siete a\u00f1os, limpiando y criando a una ni\u00f1a acosada por la ansiedad, cuya muerte conocemos al comienzo de la novela.<\/p>\n<p data-start=\"1280\" data-end=\"1542\">Como en una tragedia griega, la tensi\u00f3n crece en cada p\u00e1gina, con cada personaje o elemento: la perra callejera, las ratas, la confesi\u00f3n inconfesable del \u00abse\u00f1or\u00bb, la aparici\u00f3n de Carlos, el veneno, la pistola&#8230; hasta un desenlace tan poderoso como inevitable.<\/p>\n<p data-start=\"1549\" data-end=\"1619\">\u00abSobrecogedora, [&#8230;] tr\u00e1gica y esencial\u00bb.<br data-start=\"1591\" data-end=\"1594\" \/>\u2014Ana Bret\u00f3n, <em data-start=\"1607\" data-end=\"1617\">El Mundo<\/em><\/p>\n<p data-start=\"1621\" data-end=\"1741\">\u00abUna novela sin escapatoria. [&#8230;] Es \u00e1cida, inteligente, coherente y aut\u00e9ntica\u00bb.<br data-start=\"1702\" data-end=\"1705\" \/>\u2014Laura Garc\u00eda Higueras, <em data-start=\"1729\" data-end=\"1739\">elDiario<\/em><\/p>\n<p data-start=\"1743\" data-end=\"1972\">\u00abUna historia de alienaci\u00f3n y poder: [&#8230;] Alia Trabucco explora la infelicidad y la insatisfacci\u00f3n de los adultos. [&#8230;] Una vuelta de tuerca a la brutalidad como territorio de reflexi\u00f3n\u00bb.<br data-start=\"1932\" data-end=\"1935\" \/>\u2014Karina Sainz Borgo, <em data-start=\"1956\" data-end=\"1970\">ABC Cultural<\/em><\/p>\n<p data-start=\"1974\" data-end=\"2431\">\u00abCada libro [suyo] es radicalmente distinto, como si Trabucco, m\u00e1s que buscar una exacerbaci\u00f3n de su estilo, deseara instalarse en un permanente desacomodo escritural. Sus obsesiones: la urgencia de la memoria y la apasionada b\u00fasqueda de futuro, la discusi\u00f3n feminista, la rabia como herramienta pol\u00edtica, la comprensi\u00f3n de las historias personales como historias sociales, el trabajo po\u00e9tico y pensante desde el lenguaje\u00bb.<br data-start=\"2397\" data-end=\"2400\" \/>\u2014Giuseppe Caputo, <em data-start=\"2418\" data-end=\"2429\">El Tiempo<\/em><\/p>\n<p data-start=\"2433\" data-end=\"2832\">\u00abUna de las voces m\u00e1s contundentes de la literatura chilena actual. [&#8230;] Deliciosamente angustiante, adictiva, <em data-start=\"2545\" data-end=\"2553\">Limpia<\/em>retrata mundos cotidianos que pueden llegar a volverse una tormenta para los d\u00e9biles. [&#8230;] [Su] escritura surge de una mezcla de observaci\u00f3n, imaginaci\u00f3n, intuici\u00f3n y pensamiento, pero que al mismo tiempo se deja llevar por la libertad del oficio\u00bb.<br data-start=\"2803\" data-end=\"2806\" \/>\u2014Roc\u00edo Montes, <em data-start=\"2821\" data-end=\"2830\">Babelia<\/em><\/p>\n<p data-start=\"2834\" data-end=\"3164\">\u00abEn esta deslumbrante y sobrecogedora novela, Alia Trabucco Zer\u00e1n le levanta el delantal a la larga tradici\u00f3n literaria de la empleada chilena para asomarse a su crueldad, a su verdadero espanto, para reordenar el perverso recorrido de los afectos y los odios de clase en busca de una transformaci\u00f3n definitiva\u00bb.<br data-start=\"3146\" data-end=\"3149\" \/>\u2014Lina Meruane<\/p>\n<p data-start=\"3166\" data-end=\"3307\">\u00abQu\u00e9 deslumbrante pesadilla [&#8230;]: un punzante y adictivo retrato de la podredumbre que ocultan las &#8220;buenas familias&#8221;\u00bb.<br data-start=\"3285\" data-end=\"3288\" \/>\u2014Fernanda Melchor<\/p>\n<p data-start=\"3309\" data-end=\"3577\">\u00abEsta historia es la met\u00e1fora exacta de nuestra mayor herida: esa que divide al mundo entre quienes viven para s\u00ed y quienes viven para otros. Trabucco Zer\u00e1n ha escrito un novel\u00f3n, vali\u00e9ndose del mon\u00f3logo de una mujer cuya \u00fanica posesi\u00f3n es su voz\u00bb.<br data-start=\"3557\" data-end=\"3560\" \/>\u2014Emiliano Monge<\/p>\n<p data-start=\"3579\" data-end=\"3865\">\u00abLibro ameno, inteligente y bien escrito que, en su proceso de deconstrucci\u00f3n del machismo, reflexiona sobre el poder del relato \u2014literatura, sentencias judiciales, noticias, cr\u00f3nicas, fotos\u2014 y su capacidad para intervenir en la vida\u00bb.<br data-start=\"3814\" data-end=\"3817\" \/>\u2014Marta Sanz, <em data-start=\"3830\" data-end=\"3839\">Babelia<\/em> (sobre <em data-start=\"3847\" data-end=\"3862\">Las homicidas<\/em>)<\/p>\n<p data-start=\"3867\" data-end=\"4033\" data-is-last-node=\"\" data-is-only-node=\"\">\u00ab<em data-start=\"3868\" data-end=\"3876\">Limpia<\/em> es una novela tensa, y de esa tensi\u00f3n cuidadosamente urdida se vale Trabucco para retratar la sempiterna lucha de clases\u00bb.<br data-start=\"3999\" data-end=\"4002\" \/>\u2014Mar\u00eda Paredes, <em data-start=\"4018\" data-end=\"4033\" data-is-last-node=\"\">The Objective<\/em><\/p>\n","protected":false},"featured_media":7421,"comment_status":"open","ping_status":"closed","template":"","meta":{"_monsterinsights_skip_tracking":false,"_monsterinsights_sitenote_active":false,"_monsterinsights_sitenote_note":"","_monsterinsights_sitenote_category":0,"_uf_show_specific_survey":0,"_uf_disable_surveys":false},"product_cat":[58,30],"product_tag":[],"_links":{"self":[{"href":"https:\/\/insertapr.com\/index.php?rest_route=\/wp\/v2\/product\/7420"}],"collection":[{"href":"https:\/\/insertapr.com\/index.php?rest_route=\/wp\/v2\/product"}],"about":[{"href":"https:\/\/insertapr.com\/index.php?rest_route=\/wp\/v2\/types\/product"}],"replies":[{"embeddable":true,"href":"https:\/\/insertapr.com\/index.php?rest_route=%2Fwp%2Fv2%2Fcomments&post=7420"}],"wp:featuredmedia":[{"embeddable":true,"href":"https:\/\/insertapr.com\/index.php?rest_route=\/wp\/v2\/media\/7421"}],"wp:attachment":[{"href":"https:\/\/insertapr.com\/index.php?rest_route=%2Fwp%2Fv2%2Fmedia&parent=7420"}],"wp:term":[{"taxonomy":"product_cat","embeddable":true,"href":"https:\/\/insertapr.com\/index.php?rest_route=%2Fwp%2Fv2%2Fproduct_cat&post=7420"},{"taxonomy":"product_tag","embeddable":true,"href":"https:\/\/insertapr.com\/index.php?rest_route=%2Fwp%2Fv2%2Fproduct_tag&post=7420"}],"curies":[{"name":"wp","href":"https:\/\/api.w.org\/{rel}","templated":true}]}}