{"id":7326,"date":"2025-09-09T15:43:55","date_gmt":"2025-09-09T19:43:55","guid":{"rendered":"https:\/\/insertapr.com\/?post_type=product&#038;p=7326"},"modified":"2026-03-20T11:01:02","modified_gmt":"2026-03-20T15:01:02","slug":"mia-el-verano-que-lo-cambio-todo","status":"publish","type":"product","link":"https:\/\/insertapr.com\/?product=mia-el-verano-que-lo-cambio-todo","title":{"rendered":"MIA EL VERANO QUE LO CAMBIO TODO"},"content":{"rendered":"<div class=\"filaDetalle\">\n<div class=\"cabeceraDetalle\">EDITORIAL:CARAMBUCO EDICIONES\u00a0<b>\u00a0<\/b><\/div>\n<\/div>\n<div class=\"filaDetalle\">\n<div class=\"cabeceraDetalle\">ISBN:9788417766979<\/div>\n<\/div>\n<div class=\"filaDetalle\">\n<div class=\"cabeceraDetalle\">COLECCI\u00d3N:MIA<\/div>\n<\/div>\n<div class=\"filaDetalle\">\n<div class=\"cabeceraDetalle\">IDIOMA:CASTELLANO<\/div>\n<\/div>\n<div class=\"filaDetalle\">\n<div class=\"cabeceraDetalle\">Fecha de edici\u00f3n:15-01-2024<\/div>\n<\/div>\n<div class=\"filaDetalle\">\n<div class=\"cabeceraDetalle\">Materia:<a title=\"Pulse en esta materia y ver\u00e1 todos los art\u00edculos de la misma\">\u00a0JUVENILES Y DIDACTICOS<\/a><\/div>\n<\/div>\n","protected":false},"excerpt":{"rendered":"<p><a>CARMINA BENAMUNT<\/a><\/p>\n<p>La vida de M\u00eda parece una monta\u00f1a rusa: r\u00ede y llora al mismo tiempo, tiene sensaciones raras y siente que no encaja en ning\u00fan sitio. Ha acabado el curso (\u00a1ufff!), toca pasar unos d\u00edas con la abuela y reencontrarse con los del lago, sus amigos de cada verano. \u00a1Qu\u00e9 nervios! Tiene muchas ganas de volver a ver a Tom. Pero lo que M\u00eda no sabe es que este verano su vida cambiar\u00e1 para siempre.<\/p>\n","protected":false},"featured_media":7327,"comment_status":"open","ping_status":"closed","template":"","meta":{"_monsterinsights_skip_tracking":false,"_monsterinsights_sitenote_active":false,"_monsterinsights_sitenote_note":"","_monsterinsights_sitenote_category":0,"_uf_show_specific_survey":0,"_uf_disable_surveys":false},"product_cat":[58,149,129,30,126],"product_tag":[],"_links":{"self":[{"href":"https:\/\/insertapr.com\/index.php?rest_route=\/wp\/v2\/product\/7326"}],"collection":[{"href":"https:\/\/insertapr.com\/index.php?rest_route=\/wp\/v2\/product"}],"about":[{"href":"https:\/\/insertapr.com\/index.php?rest_route=\/wp\/v2\/types\/product"}],"replies":[{"embeddable":true,"href":"https:\/\/insertapr.com\/index.php?rest_route=%2Fwp%2Fv2%2Fcomments&post=7326"}],"wp:featuredmedia":[{"embeddable":true,"href":"https:\/\/insertapr.com\/index.php?rest_route=\/wp\/v2\/media\/7327"}],"wp:attachment":[{"href":"https:\/\/insertapr.com\/index.php?rest_route=%2Fwp%2Fv2%2Fmedia&parent=7326"}],"wp:term":[{"taxonomy":"product_cat","embeddable":true,"href":"https:\/\/insertapr.com\/index.php?rest_route=%2Fwp%2Fv2%2Fproduct_cat&post=7326"},{"taxonomy":"product_tag","embeddable":true,"href":"https:\/\/insertapr.com\/index.php?rest_route=%2Fwp%2Fv2%2Fproduct_tag&post=7326"}],"curies":[{"name":"wp","href":"https:\/\/api.w.org\/{rel}","templated":true}]}}