{"id":7269,"date":"2025-09-04T11:38:03","date_gmt":"2025-09-04T15:38:03","guid":{"rendered":"https:\/\/insertapr.com\/?post_type=product&#038;p=7269"},"modified":"2026-03-20T11:01:11","modified_gmt":"2026-03-20T15:01:11","slug":"sonrie","status":"publish","type":"product","link":"https:\/\/insertapr.com\/?product=sonrie","title":{"rendered":"SONR\u00cdE"},"content":{"rendered":"<div class=\"filaDetalle\">\n<div class=\"cabeceraDetalle\">EDITORIAL:MAEVA<\/div>\n<\/div>\n<div class=\"filaDetalle\">\n<div class=\"cabeceraDetalle\">ISBN:9788416690886<\/div>\n<\/div>\n<div class=\"filaDetalle\">\n<div class=\"cabeceraDetalle\">COLECCI\u00d3N:MAEVA YOUNG<\/div>\n<\/div>\n<div class=\"filaDetalle\">\n<div class=\"cabeceraDetalle\">IDIOMA:CASTELLANO<\/div>\n<\/div>\n<div class=\"filaDetalle\">\n<div class=\"cabeceraDetalle\">Fecha de edici\u00f3n:10-03-2016<\/div>\n<\/div>\n<div class=\"filaDetalle\">\n<div class=\"cabeceraDetalle\">Materia:<a title=\"Pulse en esta materia y ver\u00e1 todos los art\u00edculos de la misma\">COMICS Y NOVELAS GRAFICAS<\/a><\/p>\n<\/div>\n<\/div>\n","protected":false},"excerpt":{"rendered":"<p><a>TELGEMEIER,\u00a0RAINA<\/a><\/p>\n<p>Raina solo quiere ser normal. Pero una noche, tras una reuni\u00f3n de los <em data-start=\"197\" data-end=\"205\">scouts<\/em>, se tropieza y se rompe los paletos. Los meses siguientes ser\u00e1n una tortura para ella: se ver\u00e1 obligada a pasar por una operaci\u00f3n, ponerse brackets met\u00e1licos, llevar un horrible casco e incluso dientes falsos. Pero, adem\u00e1s, tendr\u00e1 que \u00absobrevivir\u00bb a un terremoto, a los primeros amores y a algunos amigos que resultan no serlo tanto.<\/p>\n","protected":false},"featured_media":7270,"comment_status":"open","ping_status":"closed","template":"","meta":{"_monsterinsights_skip_tracking":false,"_monsterinsights_sitenote_active":false,"_monsterinsights_sitenote_note":"","_monsterinsights_sitenote_category":0,"_uf_show_specific_survey":0,"_uf_disable_surveys":false},"product_cat":[58,149,129,30,126],"product_tag":[],"_links":{"self":[{"href":"https:\/\/insertapr.com\/index.php?rest_route=\/wp\/v2\/product\/7269"}],"collection":[{"href":"https:\/\/insertapr.com\/index.php?rest_route=\/wp\/v2\/product"}],"about":[{"href":"https:\/\/insertapr.com\/index.php?rest_route=\/wp\/v2\/types\/product"}],"replies":[{"embeddable":true,"href":"https:\/\/insertapr.com\/index.php?rest_route=%2Fwp%2Fv2%2Fcomments&post=7269"}],"wp:featuredmedia":[{"embeddable":true,"href":"https:\/\/insertapr.com\/index.php?rest_route=\/wp\/v2\/media\/7270"}],"wp:attachment":[{"href":"https:\/\/insertapr.com\/index.php?rest_route=%2Fwp%2Fv2%2Fmedia&parent=7269"}],"wp:term":[{"taxonomy":"product_cat","embeddable":true,"href":"https:\/\/insertapr.com\/index.php?rest_route=%2Fwp%2Fv2%2Fproduct_cat&post=7269"},{"taxonomy":"product_tag","embeddable":true,"href":"https:\/\/insertapr.com\/index.php?rest_route=%2Fwp%2Fv2%2Fproduct_tag&post=7269"}],"curies":[{"name":"wp","href":"https:\/\/api.w.org\/{rel}","templated":true}]}}