{"id":6849,"date":"2025-05-23T12:07:29","date_gmt":"2025-05-23T16:07:29","guid":{"rendered":"https:\/\/insertapr.com\/?post_type=product&#038;p=6849"},"modified":"2025-11-29T00:17:07","modified_gmt":"2025-11-29T04:17:07","slug":"the-devils-sons","status":"publish","type":"product","link":"https:\/\/insertapr.com\/?product=the-devils-sons","title":{"rendered":"THE DEVILS SONS"},"content":{"rendered":"","protected":false},"excerpt":{"rendered":"<p><a>WALLERAND,\u00a0CHLOE<\/a><\/p>\n<p data-start=\"93\" data-end=\"223\">\u00bfUnirse a una banda? \u00bfEncontrar una familia en medio de tanta violencia? Avalone nunca lo habr\u00eda cre\u00eddo posible, y sin embargo&#8230;<\/p>\n<p data-start=\"225\" data-end=\"421\">Pensaba que iba a pasar mi primer a\u00f1o de universidad de la forma m\u00e1s ordinaria posible, concentrada en mis estudios y con amigos, pero nada podr\u00eda haberme preparado para el giro que dar\u00eda mi vida.<\/p>\n<p data-start=\"423\" data-end=\"800\">Deber\u00eda haber sabido que tener una mejor amiga cuyo hermano pertenece a la banda Devil&#8217;s Sons iba a ser problem\u00e1tico, pero lo \u00faltimo que me esperaba era involucrarme con una banda pagana en Michigan. Y mucho menos forjar una amistad con unos criminales armados hasta los dientes. Y todav\u00eda menos&#8230; sentirme atra\u00edda por Clarke Taylor, el m\u00e1s rebelde y peligroso de todos ellos.<\/p>\n<p data-start=\"802\" data-end=\"878\">Ahora estoy atrapada, y solo tengo una opci\u00f3n: ayudarles contra mi voluntad.<\/p>\n","protected":false},"featured_media":6850,"comment_status":"open","ping_status":"closed","template":"","meta":{"_monsterinsights_skip_tracking":false,"_monsterinsights_sitenote_active":false,"_monsterinsights_sitenote_note":"","_monsterinsights_sitenote_category":0,"_uf_show_specific_survey":0,"_uf_disable_surveys":false},"product_cat":[46,30],"product_tag":[],"_links":{"self":[{"href":"https:\/\/insertapr.com\/index.php?rest_route=\/wp\/v2\/product\/6849"}],"collection":[{"href":"https:\/\/insertapr.com\/index.php?rest_route=\/wp\/v2\/product"}],"about":[{"href":"https:\/\/insertapr.com\/index.php?rest_route=\/wp\/v2\/types\/product"}],"replies":[{"embeddable":true,"href":"https:\/\/insertapr.com\/index.php?rest_route=%2Fwp%2Fv2%2Fcomments&post=6849"}],"wp:featuredmedia":[{"embeddable":true,"href":"https:\/\/insertapr.com\/index.php?rest_route=\/wp\/v2\/media\/6850"}],"wp:attachment":[{"href":"https:\/\/insertapr.com\/index.php?rest_route=%2Fwp%2Fv2%2Fmedia&parent=6849"}],"wp:term":[{"taxonomy":"product_cat","embeddable":true,"href":"https:\/\/insertapr.com\/index.php?rest_route=%2Fwp%2Fv2%2Fproduct_cat&post=6849"},{"taxonomy":"product_tag","embeddable":true,"href":"https:\/\/insertapr.com\/index.php?rest_route=%2Fwp%2Fv2%2Fproduct_tag&post=6849"}],"curies":[{"name":"wp","href":"https:\/\/api.w.org\/{rel}","templated":true}]}}