{"id":6841,"date":"2025-05-23T11:59:11","date_gmt":"2025-05-23T15:59:11","guid":{"rendered":"https:\/\/insertapr.com\/?post_type=product&#038;p=6841"},"modified":"2026-03-20T11:01:53","modified_gmt":"2026-03-20T15:01:53","slug":"radio-silencio-edicion-especial","status":"publish","type":"product","link":"https:\/\/insertapr.com\/?product=radio-silencio-edicion-especial","title":{"rendered":"RADIO SILENCIO EDICION ESPECIAL"},"content":{"rendered":"","protected":false},"excerpt":{"rendered":"<p><a>OSEMAN,\u00a0 ALICE<\/a><\/p>\n<p data-start=\"96\" data-end=\"245\">Una novela imprescindible sobre la identidad, la diversidad y la libertad de elecci\u00f3n, de la autora de <em data-start=\"199\" data-end=\"213\">Heartstopper<\/em>, <em data-start=\"215\" data-end=\"225\">Sin amor<\/em> y <em data-start=\"228\" data-end=\"244\">Nac\u00ed para esto<\/em>.<\/p>\n<p data-start=\"247\" data-end=\"279\"><strong data-start=\"247\" data-end=\"279\">No dejes de escuchar tu voz.<\/strong><\/p>\n<p data-start=\"281\" data-end=\"674\">Frances es una m\u00e1quina de estudiar con un solo objetivo: entrar en la universidad que ha elegido. Nada ni nadie puede interponerse en su camino. Hasta que conoce a Aled y, por primera vez, no tiene miedo de ser ella misma. Pero cuando la fr\u00e1gil confianza entre ellos se rompe, Frances se encuentra atrapada entre la persona que ha sido hasta ese momento y la persona que en realidad desea ser.<\/p>\n<p data-start=\"676\" data-end=\"830\">Entonces, necesitar\u00e1 cada gramo de su valor para enfrentarse no solo a su pasado, sino tambi\u00e9n al misterio que envuelve la desaparici\u00f3n de su mejor amiga.<\/p>\n","protected":false},"featured_media":6842,"comment_status":"open","ping_status":"closed","template":"","meta":{"_monsterinsights_skip_tracking":false,"_monsterinsights_sitenote_active":false,"_monsterinsights_sitenote_note":"","_monsterinsights_sitenote_category":0,"_uf_show_specific_survey":0,"_uf_disable_surveys":false},"product_cat":[129,30,25],"product_tag":[],"_links":{"self":[{"href":"https:\/\/insertapr.com\/index.php?rest_route=\/wp\/v2\/product\/6841"}],"collection":[{"href":"https:\/\/insertapr.com\/index.php?rest_route=\/wp\/v2\/product"}],"about":[{"href":"https:\/\/insertapr.com\/index.php?rest_route=\/wp\/v2\/types\/product"}],"replies":[{"embeddable":true,"href":"https:\/\/insertapr.com\/index.php?rest_route=%2Fwp%2Fv2%2Fcomments&post=6841"}],"wp:featuredmedia":[{"embeddable":true,"href":"https:\/\/insertapr.com\/index.php?rest_route=\/wp\/v2\/media\/6842"}],"wp:attachment":[{"href":"https:\/\/insertapr.com\/index.php?rest_route=%2Fwp%2Fv2%2Fmedia&parent=6841"}],"wp:term":[{"taxonomy":"product_cat","embeddable":true,"href":"https:\/\/insertapr.com\/index.php?rest_route=%2Fwp%2Fv2%2Fproduct_cat&post=6841"},{"taxonomy":"product_tag","embeddable":true,"href":"https:\/\/insertapr.com\/index.php?rest_route=%2Fwp%2Fv2%2Fproduct_tag&post=6841"}],"curies":[{"name":"wp","href":"https:\/\/api.w.org\/{rel}","templated":true}]}}