{"id":6490,"date":"2025-03-05T10:11:56","date_gmt":"2025-03-05T14:11:56","guid":{"rendered":"https:\/\/insertapr.com\/?post_type=product&#038;p=6490"},"modified":"2026-03-20T11:04:18","modified_gmt":"2026-03-20T15:04:18","slug":"my-happy-marriage-2-espanol","status":"publish","type":"product","link":"https:\/\/insertapr.com\/?product=my-happy-marriage-2-espanol","title":{"rendered":"MY HAPPY MARRIAGE 2 (ESPA\u00d1OL)"},"content":{"rendered":"<div class=\"filaDetalle\">\n<div class=\"cabeceraDetalle\">EDITORIAL:NORMA\u00a0<b>\u00a0<\/b><\/div>\n<\/div>\n<div class=\"filaDetalle\">\n<div class=\"cabeceraDetalle\">ISBN:9788467970333<\/div>\n<\/div>\n<div class=\"filaDetalle\">\n<div class=\"cabeceraDetalle\">COLECCI\u00d3N:MY HAPPY MARRIAGE<\/div>\n<\/div>\n<div class=\"filaDetalle\">\n<div class=\"cabeceraDetalle\">IDIOMA:CASTELLANO<\/div>\n<\/div>\n<div class=\"filaDetalle\">\n<div class=\"cabeceraDetalle\">Fecha de edici\u00f3n:01-11-2024<\/div>\n<\/div>\n<div class=\"filaDetalle\">\n<div class=\"cabeceraDetalle\">Materia:<a title=\"Pulse en esta materia y ver\u00e1 todos los art\u00edculos de la misma\">NOVELAS GRAFICAS: MANGA<\/a><\/div>\n<\/div>\n","protected":false},"excerpt":{"rendered":"<p><a>AGITOGI,\u00a0AKUMI<\/a>\/ <a>KOHSAKA,\u00a0RITO<\/a>\/ <a>TSUKIOK<\/a><\/p>\n<div class=\"sinopsis\">\n<p>Por primera vez, sinti\u00f3 que alguien hab\u00eda sido amable con ella. Miyo Saimori naci\u00f3 sin habilidades extraordinarias en una familia en la que se heredan poderes sobrenaturales. Sus padres no la amaban, y nadie la necesitaba, pero ha acabado comprometida con el cabeza de la familia Kud\u00f4, un hombre fr\u00edo y despiadado, seg\u00fan los rumores. hora, al ver que Miyo era totalmente distinta a lo que se espera de la se\u00f1orita de una familia prestigiosa, Kiyoka Kud\u00f4 ha empezado a mostrar inter\u00e9s en ella y ha acabado por apreciarla. Sin embargo, al no tener poderes, Miyo no considera que tenga derecho a ser su esposa&#8230;<\/p>\n<\/div>\n<div class=\"articulosRelacionados\"><\/div>\n","protected":false},"featured_media":6491,"comment_status":"open","ping_status":"closed","template":"","meta":{"_monsterinsights_skip_tracking":false,"_monsterinsights_sitenote_active":false,"_monsterinsights_sitenote_note":"","_monsterinsights_sitenote_category":0,"_uf_show_specific_survey":0,"_uf_disable_surveys":false},"product_cat":[149,129,30],"product_tag":[],"_links":{"self":[{"href":"https:\/\/insertapr.com\/index.php?rest_route=\/wp\/v2\/product\/6490"}],"collection":[{"href":"https:\/\/insertapr.com\/index.php?rest_route=\/wp\/v2\/product"}],"about":[{"href":"https:\/\/insertapr.com\/index.php?rest_route=\/wp\/v2\/types\/product"}],"replies":[{"embeddable":true,"href":"https:\/\/insertapr.com\/index.php?rest_route=%2Fwp%2Fv2%2Fcomments&post=6490"}],"wp:featuredmedia":[{"embeddable":true,"href":"https:\/\/insertapr.com\/index.php?rest_route=\/wp\/v2\/media\/6491"}],"wp:attachment":[{"href":"https:\/\/insertapr.com\/index.php?rest_route=%2Fwp%2Fv2%2Fmedia&parent=6490"}],"wp:term":[{"taxonomy":"product_cat","embeddable":true,"href":"https:\/\/insertapr.com\/index.php?rest_route=%2Fwp%2Fv2%2Fproduct_cat&post=6490"},{"taxonomy":"product_tag","embeddable":true,"href":"https:\/\/insertapr.com\/index.php?rest_route=%2Fwp%2Fv2%2Fproduct_tag&post=6490"}],"curies":[{"name":"wp","href":"https:\/\/api.w.org\/{rel}","templated":true}]}}