{"id":6374,"date":"2025-02-16T09:35:13","date_gmt":"2025-02-16T13:35:13","guid":{"rendered":"https:\/\/insertapr.com\/?post_type=product&#038;p=6374"},"modified":"2026-02-04T09:44:14","modified_gmt":"2026-02-04T13:44:14","slug":"mi-diario","status":"publish","type":"product","link":"https:\/\/insertapr.com\/?product=mi-diario","title":{"rendered":"Mi Diario"},"content":{"rendered":"","protected":false},"excerpt":{"rendered":"<p id=\"title\" class=\"a-spacing-none a-text-normal\"><span id=\"productTitle\" class=\"a-size-large celwidget\" data-csa-c-id=\"lpsv5k-xneifb-1vj33z-n6j2if\" data-cel-widget=\"productTitle\">Una libreta para anotar aventuras, pensamientos y sue\u00f1os &#8211; Inspirado en Juli\u00e1n de <a href=\"https:\/\/insertapr.com\/?product=el-secreto-que-nunca-nunca-se-sabra\">El secreto que nunca, nunca se sabr\u00e1<\/a>.<\/span><\/p>\n<p><span class=\"a-text-bold\">Mi Diario<\/span> es el lugar perfecto para que los ni\u00f1os dejen volar su imaginaci\u00f3n.<\/p>\n<p>Con p\u00e1ginas en blanco, este diario est\u00e1 dise\u00f1ado para que los peque\u00f1os puedan escribir, dibujar y registrar sus pensamientos, sue\u00f1os y aventuras diarias. Inspirado en el diario de Juli\u00e1n, el protagonista de <span class=\"a-text-italic\">El secreto que nunca, nunca se sabr\u00e1.<\/span><\/p>\n<p>Esta libreta invita a los j\u00f3venes a explorar su creatividad y guardar recuerdos de sus momentos m\u00e1s especiales. \u00a1Es el primer paso para convertirse en un gran narrador de historias!<\/p>\n<p>Ideal para ni\u00f1os que aman escribir, dibujar y so\u00f1ar, <span class=\"a-text-bold\">Mi Diario<\/span> es mucho m\u00e1s que una libreta; es un espacio personal para hacer volar la imaginaci\u00f3n.<\/p>\n","protected":false},"featured_media":6377,"comment_status":"open","ping_status":"closed","template":"","meta":{"_monsterinsights_skip_tracking":false,"_monsterinsights_sitenote_active":false,"_monsterinsights_sitenote_note":"","_monsterinsights_sitenote_category":0,"_uf_show_specific_survey":0,"_uf_disable_surveys":false},"product_cat":[45,150],"product_tag":[],"_links":{"self":[{"href":"https:\/\/insertapr.com\/index.php?rest_route=\/wp\/v2\/product\/6374"}],"collection":[{"href":"https:\/\/insertapr.com\/index.php?rest_route=\/wp\/v2\/product"}],"about":[{"href":"https:\/\/insertapr.com\/index.php?rest_route=\/wp\/v2\/types\/product"}],"replies":[{"embeddable":true,"href":"https:\/\/insertapr.com\/index.php?rest_route=%2Fwp%2Fv2%2Fcomments&post=6374"}],"wp:featuredmedia":[{"embeddable":true,"href":"https:\/\/insertapr.com\/index.php?rest_route=\/wp\/v2\/media\/6377"}],"wp:attachment":[{"href":"https:\/\/insertapr.com\/index.php?rest_route=%2Fwp%2Fv2%2Fmedia&parent=6374"}],"wp:term":[{"taxonomy":"product_cat","embeddable":true,"href":"https:\/\/insertapr.com\/index.php?rest_route=%2Fwp%2Fv2%2Fproduct_cat&post=6374"},{"taxonomy":"product_tag","embeddable":true,"href":"https:\/\/insertapr.com\/index.php?rest_route=%2Fwp%2Fv2%2Fproduct_tag&post=6374"}],"curies":[{"name":"wp","href":"https:\/\/api.w.org\/{rel}","templated":true}]}}