{"id":5260,"date":"2024-09-21T10:06:56","date_gmt":"2024-09-21T14:06:56","guid":{"rendered":"https:\/\/insertapr.com\/?post_type=product&#038;p=5260"},"modified":"2024-11-07T09:58:57","modified_gmt":"2024-11-07T13:58:57","slug":"las-senoritas-del-circo-secreto","status":"publish","type":"product","link":"https:\/\/insertapr.com\/?product=las-senoritas-del-circo-secreto","title":{"rendered":"LAS SE\u00d1ORITAS DEL CIRCO SECRETO"},"content":{"rendered":"<div class=\"filaDetalle\">\n<div class=\"cabeceraDetalle\">EDITORIAL:UMBRIEL\u00a0<b>\u00a0<\/b><\/div>\n<\/div>\n<div class=\"filaDetalle\">\n<div class=\"cabeceraDetalle\">ISBN:9788410085145<\/div>\n<\/div>\n<div class=\"filaDetalle\">\n<div class=\"cabeceraDetalle\">COLECCI\u00d3N:NARRATIVA<\/div>\n<\/div>\n<div class=\"filaDetalle\">\n<div class=\"cabeceraDetalle\">IDIOMA:CASTELLANO<\/div>\n<\/div>\n<div class=\"filaDetalle\">\n<div class=\"cabeceraDetalle\">Fecha de edici\u00f3n:27-08-2024<\/div>\n<\/div>\n<div class=\"filaDetalle\">\n<div class=\"cabeceraDetalle\">Materia:<a title=\"Pulse en esta materia y ver\u00e1 todos los art\u00edculos de la misma\">FANTASIA<\/a><\/div>\n<\/div>\n","protected":false},"excerpt":{"rendered":"<p><a>SAYERS,\u00a0 CONSTANCE<\/a><\/p>\n<p>\u00abLa forma m\u00e1s segura de conseguir una entrada para el Cirque Secret es desearla&#8230;\u00bb<\/p>\n<p>La autora de *Una bruja en el tiempo* nos presenta una historia m\u00e1gica que abarca desde la era del jazz en Par\u00eds hasta la Norteam\u00e9rica actual, llena de secretos familiares, sacrificios y un amor perdido, con el tel\u00f3n de fondo de un circo misterioso.<\/p>\n<p>Par\u00eds, 1925: Entrar en el Circo Secreto supone acceder a un mundo repleto de maravillas. Un mundo donde las mujeres tejen ilusiones, los carruseles te transportan hacia atr\u00e1s en el tiempo y los trapecistas flotan por el cielo. Vinculada al circo de su familia, ese es el \u00fanico mundo que Cecile Cabot conoce hasta que entra en contacto con un pintor joven y carism\u00e1tico, con el que se embarca en un romance apasionado que podr\u00eda costarle todo.<\/p>\n<p>Virginia, 2004: Lara Barnes est\u00e1 en su mejor momento, pero cuando su prometido desaparece el d\u00eda de su boda, todos sus planes de futuro se hacen trizas. Desesperada, su b\u00fasqueda de respuestas la conducir\u00e1 de un modo inesperado hasta los diarios de su bisabuela.<\/p>\n<p>Sumida en una historia sobre un circo oscuro y un amor aciago, los secretos sobre la familia de Lara saldr\u00e1n a la luz y revelar\u00e1n una maldici\u00f3n que lleva afectando a las mujeres de su familia durante generaciones. Una maldici\u00f3n que podr\u00eda estar relacionada con el misterioso destino de su prometido&#8230;<\/p>\n<p>\u00abRomance, misterio y una maldici\u00f3n familiar. *Las se\u00f1oritas del circo secreto* lo tiene todo\u00bb.<br \/>\nPOPSUGAR<\/p>\n","protected":false},"featured_media":5261,"comment_status":"open","ping_status":"closed","template":"","meta":{"_monsterinsights_skip_tracking":false,"_monsterinsights_sitenote_active":false,"_monsterinsights_sitenote_note":"","_monsterinsights_sitenote_category":0,"_uf_show_specific_survey":0,"_uf_disable_surveys":false},"product_cat":[46,30],"product_tag":[],"_links":{"self":[{"href":"https:\/\/insertapr.com\/index.php?rest_route=\/wp\/v2\/product\/5260"}],"collection":[{"href":"https:\/\/insertapr.com\/index.php?rest_route=\/wp\/v2\/product"}],"about":[{"href":"https:\/\/insertapr.com\/index.php?rest_route=\/wp\/v2\/types\/product"}],"replies":[{"embeddable":true,"href":"https:\/\/insertapr.com\/index.php?rest_route=%2Fwp%2Fv2%2Fcomments&post=5260"}],"wp:featuredmedia":[{"embeddable":true,"href":"https:\/\/insertapr.com\/index.php?rest_route=\/wp\/v2\/media\/5261"}],"wp:attachment":[{"href":"https:\/\/insertapr.com\/index.php?rest_route=%2Fwp%2Fv2%2Fmedia&parent=5260"}],"wp:term":[{"taxonomy":"product_cat","embeddable":true,"href":"https:\/\/insertapr.com\/index.php?rest_route=%2Fwp%2Fv2%2Fproduct_cat&post=5260"},{"taxonomy":"product_tag","embeddable":true,"href":"https:\/\/insertapr.com\/index.php?rest_route=%2Fwp%2Fv2%2Fproduct_tag&post=5260"}],"curies":[{"name":"wp","href":"https:\/\/api.w.org\/{rel}","templated":true}]}}