{"id":5256,"date":"2024-09-21T10:00:14","date_gmt":"2024-09-21T14:00:14","guid":{"rendered":"https:\/\/insertapr.com\/?post_type=product&#038;p=5256"},"modified":"2025-11-29T00:23:30","modified_gmt":"2025-11-29T04:23:30","slug":"el-gran-juego-el-gran-juego-1","status":"publish","type":"product","link":"https:\/\/insertapr.com\/?product=el-gran-juego-el-gran-juego-1","title":{"rendered":"EL GRAN JUEGO EL GRAN JUEGO 1"},"content":{"rendered":"<div class=\"filaDetalle\">\n<div class=\"cabeceraDetalle\">EDITORIAL:MOLINO<\/div>\n<\/div>\n<div class=\"filaDetalle\">\n<div class=\"cabeceraDetalle\">ISBN:9788427241992<\/div>\n<\/div>\n<div class=\"filaDetalle\">\n<div class=\"cabeceraDetalle\">COLECCI\u00d3N:UNIVERSO UNA HERENCIA EN JUEGO<\/div>\n<\/div>\n<div class=\"filaDetalle\">\n<div class=\"cabeceraDetalle\">IDIOMA:CASTELLANO<\/div>\n<\/div>\n<div class=\"filaDetalle\">\n<div class=\"cabeceraDetalle\">Fecha de edici\u00f3n:12-09-2024<\/div>\n<\/div>\n<div class=\"filaDetalle\">\n<div class=\"cabeceraDetalle\">Materia:<a title=\"Pulse en esta materia y ver\u00e1 todos los art\u00edculos de la misma\">FICCION\u00a0<\/a><\/div>\n<\/div>\n","protected":false},"excerpt":{"rendered":"<p><a>JENNIFER LYNN BARNES<\/a><\/p>\n<p>Vuelve la saga bestseller del New York Times que ha conquistado a millones de lectores.<\/p>\n<p>\u00bfPreparado para adentrarte en el Universo Una Herencia en Juego de nuevo?<\/p>\n<p>Siete cartas doradas. Una isla de ensue\u00f1o. Una oportunidad \u00fanica.<\/p>\n<p>Te damos la bienvenida al Gran Juego, una competici\u00f3n deslumbrante que te cambiar\u00e1 la vida. Organizada por la multimillonaria Avery Grambs y los cuatro c\u00e9lebres hermanos Hawthorne, la competici\u00f3n ofrece fama y riquezas a los siete afortunados jugadores de esta edici\u00f3n.<\/p>\n<p>Lyra sigue pensando en la muerte de su padre y los secretos que dej\u00f3 al fallecer. Insiste en que participa en el Gran Juego por el dinero, y no para conseguir respuestas sobre la implicaci\u00f3n de la familia Hawthorne en la muerte de su padre, y desde luego no para confrontar al enigm\u00e1tico y exasperante Grayson Hawthorne, quien ya la rechaz\u00f3 en el pasado. Enfrent\u00e1ndose a ella est\u00e1n Gigi, la hermanastra de Grayson y un literal rayito de luz, empe\u00f1ada en demostrar que vale m\u00e1s de lo que todos piensan, y Rohan, un chico con un comp\u00e1s moral dudoso, unas habilidades variadas y peligrosas, y ning\u00fan futuro, a no ser que gane el juego.<\/p>\n<p>Cuando los llevan a una isla privada con todos los lujos imaginables y unos cuantos acertijos por resolver, Lyra, Gigi y Rohan tendr\u00e1n que hacer todo lo que puedan para superar a sus rivales y ganar un juego que solo los m\u00e1s inteligentes pueden conquistar. Mientras saltan las chispas y las pruebas empujan a los jugadores a sus l\u00edmites, empieza a ser cada vez m\u00e1s evidente que todo el mundo tiene secretos y que el pasado no se puede ocultar eternamente.<\/p>\n<p>\u00bfQui\u00e9n tiene lo que hace falta para ganar?<\/p>\n","protected":false},"featured_media":5257,"comment_status":"open","ping_status":"closed","template":"","meta":{"_monsterinsights_skip_tracking":false,"_monsterinsights_sitenote_active":false,"_monsterinsights_sitenote_note":"","_monsterinsights_sitenote_category":0,"_uf_show_specific_survey":0,"_uf_disable_surveys":false},"product_cat":[58,30],"product_tag":[],"_links":{"self":[{"href":"https:\/\/insertapr.com\/index.php?rest_route=\/wp\/v2\/product\/5256"}],"collection":[{"href":"https:\/\/insertapr.com\/index.php?rest_route=\/wp\/v2\/product"}],"about":[{"href":"https:\/\/insertapr.com\/index.php?rest_route=\/wp\/v2\/types\/product"}],"replies":[{"embeddable":true,"href":"https:\/\/insertapr.com\/index.php?rest_route=%2Fwp%2Fv2%2Fcomments&post=5256"}],"wp:featuredmedia":[{"embeddable":true,"href":"https:\/\/insertapr.com\/index.php?rest_route=\/wp\/v2\/media\/5257"}],"wp:attachment":[{"href":"https:\/\/insertapr.com\/index.php?rest_route=%2Fwp%2Fv2%2Fmedia&parent=5256"}],"wp:term":[{"taxonomy":"product_cat","embeddable":true,"href":"https:\/\/insertapr.com\/index.php?rest_route=%2Fwp%2Fv2%2Fproduct_cat&post=5256"},{"taxonomy":"product_tag","embeddable":true,"href":"https:\/\/insertapr.com\/index.php?rest_route=%2Fwp%2Fv2%2Fproduct_tag&post=5256"}],"curies":[{"name":"wp","href":"https:\/\/api.w.org\/{rel}","templated":true}]}}