{"id":5141,"date":"2024-09-03T08:06:49","date_gmt":"2024-09-03T12:06:49","guid":{"rendered":"https:\/\/insertapr.com\/?post_type=product&#038;p=5141"},"modified":"2025-10-05T11:56:32","modified_gmt":"2025-10-05T15:56:32","slug":"la-noche-purpura","status":"publish","type":"product","link":"https:\/\/insertapr.com\/?product=la-noche-purpura","title":{"rendered":"LA NOCHE PURPURA"},"content":{"rendered":"<div class=\"filaDetalle\">\n<div class=\"cabeceraDetalle\">EDITORIAL:\u00a0UZANZA EDITORIAL\u00a0<b>\u00a0<\/b><\/div>\n<\/div>\n<div class=\"filaDetalle\">\n<div class=\"cabeceraDetalle\">ISBN:9788412835328<\/div>\n<\/div>\n<div class=\"filaDetalle\">\n<div class=\"cabeceraDetalle\">COLECCI\u00d3N:PDTE. COLECCION<\/div>\n<\/div>\n<div class=\"filaDetalle\">\n<div class=\"cabeceraDetalle\">IDIOMA:CASTELLANO<\/div>\n<\/div>\n<div class=\"filaDetalle\">\n<div class=\"cabeceraDetalle\">Fecha de edici\u00f3n:01-04-2024<\/div>\n<\/div>\n<div class=\"filaDetalle\">\n<div class=\"cabeceraDetalle\">Materia:<a title=\"Pulse en esta materia y ver\u00e1 todos los art\u00edculos de la misma\">CUENTOS DE TERROR Y FANTASMAS<\/a><\/div>\n<\/div>\n<div class=\"filaDetalle\">\n<div class=\"textoDisponibilidadFicha\">\n<div class=\"iconos-disponibilidad grupo\">\n<p>&nbsp;<\/p>\n<\/div>\n<\/div>\n<\/div>\n","protected":false},"excerpt":{"rendered":"<p><a>PEREZ,\u00a0ANDER<\/a><\/p>\n<p>Zoe Davenfield acaba de perder a su padre despu\u00e9s de que este regresara de una expedici\u00f3n por el Amazonas. Sus \u00faltimas palabras a\u00fan resuenan en su cabeza: \u00abProtege el medall\u00f3n\u00bb.<br \/>\nEliza Blackburn, la afamada m\u00e9dium de Arkham, recibe en su Gabinete a Gerald Holloway, un hombre que busca respuestas.<br \/>\nMarie Gibbons ha conseguido su primer trabajo como institutriz, pero, al llegar a su nueva casa, comprueba que su relaci\u00f3n con el ama de llaves no ser\u00e1 f\u00e1cil.<br \/>\nEl velo que separa nuestra realidad del otro lado se ha rasgado. Un horror indescriptible, hasta ahora oculto al ojo humano, acecha a trav\u00e9s de las grietas.<br \/>\nY el cielo de la noche se ha te\u00f1ido de p\u00farpura.<\/p>\n","protected":false},"featured_media":5142,"comment_status":"open","ping_status":"closed","template":"","meta":{"_monsterinsights_skip_tracking":false,"_monsterinsights_sitenote_active":false,"_monsterinsights_sitenote_note":"","_monsterinsights_sitenote_category":0,"_uf_show_specific_survey":0,"_uf_disable_surveys":false},"product_cat":[58,30],"product_tag":[],"_links":{"self":[{"href":"https:\/\/insertapr.com\/index.php?rest_route=\/wp\/v2\/product\/5141"}],"collection":[{"href":"https:\/\/insertapr.com\/index.php?rest_route=\/wp\/v2\/product"}],"about":[{"href":"https:\/\/insertapr.com\/index.php?rest_route=\/wp\/v2\/types\/product"}],"replies":[{"embeddable":true,"href":"https:\/\/insertapr.com\/index.php?rest_route=%2Fwp%2Fv2%2Fcomments&post=5141"}],"wp:featuredmedia":[{"embeddable":true,"href":"https:\/\/insertapr.com\/index.php?rest_route=\/wp\/v2\/media\/5142"}],"wp:attachment":[{"href":"https:\/\/insertapr.com\/index.php?rest_route=%2Fwp%2Fv2%2Fmedia&parent=5141"}],"wp:term":[{"taxonomy":"product_cat","embeddable":true,"href":"https:\/\/insertapr.com\/index.php?rest_route=%2Fwp%2Fv2%2Fproduct_cat&post=5141"},{"taxonomy":"product_tag","embeddable":true,"href":"https:\/\/insertapr.com\/index.php?rest_route=%2Fwp%2Fv2%2Fproduct_tag&post=5141"}],"curies":[{"name":"wp","href":"https:\/\/api.w.org\/{rel}","templated":true}]}}