{"id":4807,"date":"2024-06-17T10:08:18","date_gmt":"2024-06-17T14:08:18","guid":{"rendered":"https:\/\/insertapr.com\/?post_type=product&#038;p=4807"},"modified":"2025-11-29T00:24:42","modified_gmt":"2025-11-29T04:24:42","slug":"el-complejo-de-atlas","status":"publish","type":"product","link":"https:\/\/insertapr.com\/?product=el-complejo-de-atlas","title":{"rendered":"EL COMPLEJO DE ATLAS"},"content":{"rendered":"<div class=\"filaDetalle\">\n<div class=\"cabeceraDetalle\">EDITORIAL:UMBRIEL\u00a0<b>\u00a0<\/b><\/div>\n<\/div>\n<div class=\"filaDetalle\">\n<div class=\"cabeceraDetalle\">ISBN:9788419030894<\/div>\n<\/div>\n<div class=\"filaDetalle\">\n<div class=\"cabeceraDetalle\">COLECCI\u00d3N:NARRATIVA<\/div>\n<\/div>\n<div class=\"filaDetalle\">\n<div class=\"cabeceraDetalle\">IDIOMA:CASTELLANO<\/div>\n<\/div>\n<div class=\"filaDetalle\">\n<div class=\"cabeceraDetalle\">Fecha de edici\u00f3n:14-05-2024<\/div>\n<\/div>\n<div class=\"filaDetalle\">\n<div class=\"cabeceraDetalle\">Materia:<\/div>\n<div class=\"detail-categories\"><a title=\"Pulse en esta materia y ver\u00e1 todos los art\u00edculos de la misma\">FICCION Y TEMAS AFINES<\/a><br \/>\n<a title=\"Pulse en esta materia y ver\u00e1 todos los art\u00edculos de la misma\">OBRA DE MISTERIO Y SUSPENSE<\/a><\/div>\n<\/div>\n","protected":false},"excerpt":{"rendered":"<p><a>BLAKE,\u00a0 OLIVIE<\/a><\/p>\n<p>EL COMPLEJO DE ATLAS es el esperado y desgarrador desenlace de la trilog\u00eda Los Seis de Atlas.<\/p>\n<p>Solo los extraordinarios son los elegidos. Solo los astutos sobreviven.<\/p>\n<p>Un regreso explosivo a la biblioteca deja a los seis alejandrinos vulnerables a las condiciones letales de su reclutamiento.<\/p>\n<p>Las antiguas alianzas se fracturan r\u00e1pidamente a medida que los iniciados adoptan estrategias opuestas para lidiar con el trato mortal que hasta ahora no han logrado cumplir. Aquellos que permanecen en los archivos se enfrentan a la \u00e9tica de sus habilidades astron\u00f3micas mientras, en otro lugar, una improbable pareja del grupo de la Sociedad se al\u00eda para ejercer influencia en la pol\u00edtica a nivel global.<\/p>\n<p>El mundo exterior se moviliza para destruirlos mientras el cuidador, Atlas Blakely, a\u00fan puede tener \u00e9xito con el plan previsto para destruir el mundo. Se trata de una carrera para sobrevivir mientras los seis reclutas de la Sociedad se enfrentan cara a cara con la cuesti\u00f3n de qu\u00e9 est\u00e1n dispuestos a traicionar para lograr poder ilimitado&#8230;<\/p>\n<p>Y QUI\u00c9N ACABAR\u00c1 DESTRUIDO POR EL CAMINO.<\/p>\n","protected":false},"featured_media":4808,"comment_status":"open","ping_status":"closed","template":"","meta":{"_monsterinsights_skip_tracking":false,"_monsterinsights_sitenote_active":false,"_monsterinsights_sitenote_note":"","_monsterinsights_sitenote_category":0,"_uf_show_specific_survey":0,"_uf_disable_surveys":false},"product_cat":[30,136],"product_tag":[],"_links":{"self":[{"href":"https:\/\/insertapr.com\/index.php?rest_route=\/wp\/v2\/product\/4807"}],"collection":[{"href":"https:\/\/insertapr.com\/index.php?rest_route=\/wp\/v2\/product"}],"about":[{"href":"https:\/\/insertapr.com\/index.php?rest_route=\/wp\/v2\/types\/product"}],"replies":[{"embeddable":true,"href":"https:\/\/insertapr.com\/index.php?rest_route=%2Fwp%2Fv2%2Fcomments&post=4807"}],"wp:featuredmedia":[{"embeddable":true,"href":"https:\/\/insertapr.com\/index.php?rest_route=\/wp\/v2\/media\/4808"}],"wp:attachment":[{"href":"https:\/\/insertapr.com\/index.php?rest_route=%2Fwp%2Fv2%2Fmedia&parent=4807"}],"wp:term":[{"taxonomy":"product_cat","embeddable":true,"href":"https:\/\/insertapr.com\/index.php?rest_route=%2Fwp%2Fv2%2Fproduct_cat&post=4807"},{"taxonomy":"product_tag","embeddable":true,"href":"https:\/\/insertapr.com\/index.php?rest_route=%2Fwp%2Fv2%2Fproduct_tag&post=4807"}],"curies":[{"name":"wp","href":"https:\/\/api.w.org\/{rel}","templated":true}]}}